ase 3, what is 1002222 + 12122?
1022121
In base 6, what is 3 + 404020?
404023
In base 3, what is -12020210011 - -10?
-12020210001
In base 7, what is 5 + -61205?
-61200
In base 2, what is 111110011111010111 + 0?
111110011111010111
In base 16, what is 1a6 - -19a?
340
In base 9, what is -72451 - -2?
-72448
In base 12, what is 38 + -62a?
-5b2
In base 6, what is -5 + -315354?
-315403
In base 5, what is 242 + -1140432?
-1140140
In base 2, what is 10000011111000110 - 10010?
10000011110110100
In base 13, what is 1 + -72587?
-72586
In base 16, what is -d + -693?
-6a0
In base 16, what is -3 - -c96?
c93
In base 16, what is 0 - -aa7?
aa7
In base 3, what is -102 + 2001220?
2001111
In base 15, what is -21e84 - -4?
-21e80
In base 9, what is -244 + -252?
-506
In base 8, what is 4 + 165?
171
In base 13, what is -6 + -3678b?
-36794
In base 13, what is -c38c + -6?
-c395
In base 11, what is 19308 + 18?
19325
In base 12, what is -10ab9 + -4?
-10b01
In base 3, what is -102002102100 - -12?
-102002102011
In base 9, what is -78 - 11174?
-11263
In base 11, what is 1345 - -9?
1353
In base 3, what is -21 + -12021020?
-12021111
In base 3, what is -2111221 + 10100121?
211200
In base 8, what is 4 - -1114026?
1114032
In base 16, what is -ca4 - 9?
-cad
In base 6, what is -2 + 440331?
440325
In base 15, what is -3 + 2d62?
2d5e
In base 3, what is 10111011120 - 102?
10111011011
In base 4, what is 3222 + -1220?
2002
In base 8, what is -12707 - -357?
-12330
In base 16, what is 4 - -23557?
2355b
In base 5, what is -44 - 44134?
-44233
In base 9, what is -748477 - 5?
-748483
In base 7, what is -4265450 - 11?
-4265461
In base 16, what is 753a + 5?
753f
In base 14, what is b12 + 219?
d2b
In base 11, what is 1a444a0 + 2?
1a444a2
In base 11, what is 6 + -1690a?
-16904
In base 10, what is -168885 - 1?
-168886
In base 7, what is 5 + -15326330?
-15326322
In base 14, what is -5 - -1582?
157b
In base 8, what is 320164 - 1?
320163
In base 12, what is 769 + -30?
739
In base 14, what is -84d52 - 1?
-84d53
In base 15, what is dc1e - 9?
dc15
In base 2, what is 100001 + 100110101001?
100111001010
In base 12, what is -113a - -a?
-1130
In base 16, what is -43 - -3c7?
384
In base 15, what is -1 - -25388?
25387
In base 13, what is -3 + 9940?
993a
In base 2, what is 10010111001 + -11010111?
1111100010
In base 9, what is 4 - 31003?
-30888
In base 15, what is -a5 - -15de?
1539
In base 7, what is -3306305 + 5?
-3306300
In base 3, what is -2021221 - -11121?
-2010100
In base 14, what is b3c0c + 1?
b3c0d
In base 9, what is -164 + 45?
-118
In base 13, what is -309 + 2181?
1b75
In base 2, what is -1001001101111110101 + -101?
-1001001101111111010
In base 2, what is 1 - 101010011110011110?
-101010011110011101
In base 5, what is -3304 + -3?
-3312
In base 7, what is -3 - 532652?
-532655
In base 16, what is -b293 + 4?
-b28f
In base 14, what is -244 + -4?
-248
In base 16, what is 268a - 10?
267a
In base 15, what is -4 + -11c2?
-11c6
In base 8, what is 3 + -5311?
-5306
In base 7, what is -241 - 6005?
-6246
In base 4, what is -102133130 - 130?
-102133320
In base 2, what is -110111 + 111101010111?
111100100000
In base 10, what is -44 - 142723?
-142767
In base 15, what is 6 + 177800?
177806
In base 14, what is -24cd9a - 1?
-24cd9b
In base 11, what is 86 - 199?
-113
In base 7, what is -1466 - -302?
-1164
In base 5, what is 1012 - -1443?
3010
In base 7, what is -4 - 454312?
-454316
In base 9, what is 2 - 612772?
-612770
In base 4, what is 31302030 - 11?
31302013
In base 12, what is 2334 - -32?
2366
In base 3, what is -101 - -1222202?
1222101
In base 7, what is -51226 + 60?
-51136
In base 3, what is -121220 + 10120201?
2221211
In base 7, what is 22 - -4064?
4116
In base 11, what is -2174 - -13?
-2161
In base 4, what is -203133 - 212?
-210011
In base 6, what is 152535 - 2?
152533
In base 11, what is 24 - 1955?
-1931
In base 6, what is 12 + -34201?
-34145
In base 16, what is -4c - 19a?
-1e6
In base 7, what is 32561 + -5?
32553
In base 13, what is 338659 + -1?
338658
In base 9, what is -4 + -250373?
-250377
In base 15, what is 16 - 648?
-632
In base 2, what is 110101001 + -1001011100?
-10110011
In base 15, what is 11 + 1c5?
1d6
In base 11, what is 12 + -110456?
-110444
In base 13, what is 179c - -161?
1930
In base 8, what is -3 - 2005030?
-2005033
In base 10, what is -43836 - 6?
-43842
In base 12, what is -24b89 - -6?
-24b83
In base 9, what is 1483 - -177?
1671
In base 9, what is -3 - -33030?
33026
In base 6, what is 2 + -1313510?
-1313504
In base 8, what is 3455 + 104?
3561
In base 2, what is 1101110111110101 + 100?
1101110111111001
In base 6, what is -22254535 + -1?
-22254540
In base 16, what is -c - 4f4?
-500
In base 3, what is -1211 - 112011?
-120222
In base 11, what is 43a9 + -5a?
434a
In base 13, what is 424887 - 4?
424883
In base 16, what is -21 + -4ec5?
-4ee6
In base 16, what is -3b21 + 31?
-3af0
In base 2, what is 100111011010001 + 0?
100111011010001
In base 8, what is 534744 + 5?
534751
In base 3, what is 2011000 - -2220?
2020220
In base 3, what is 2 + 101021020?
101021022
In base 5, what is 3140223300 + 10?
3140223310
In base 4, what is 11 + -101213000?
-101212323
In base 12, what is -10329 - -1?
-10328
In base 16, what is 3943 - -2?
3945
In base 16, what is d69 + -15?
d54
In base 14, what is -1 - -342?
341
In base 9, what is 3 + -215726?
-215723
In base 12, what is 1220 - -178?
1398
In base 7, what is -2 + -2654?
-2656
In base 8, what is -140715 + -5?
-140722
In base 11, what is -221391 + 1?
-221390
In base 4, what is 1021321 + -3323?
1011332
In base 6, what is 11021123 + -11?
11021112
In base 6, what is -12 + -143222?
-143234
In base 6, what is 4413022 + 0?
4413022
In base 15, what is a - -ec4b1?
ec4bb
In base 4, what is -21020 + -2203?
-23223
In base 3, what is -20 - 1220012001?
-1220012021
In base 2, what is 100010101 - 10100111100?
-10000100111
In base 7, what is -4611 - 12?
-4623
In base 15, what is 3e + 69?
a8
In base 14, what is 12d15a + -3?
12d157
In base 11, what is 49 - 10a?
-71
In base 5, what is 1210 - -30100?
31310
In base 16, what is c5 + 12?
d7
In base 3, what is -101 + 102002020220?
102002020112
In base 11, what is -3334 - -719?
-2716
In base 13, what is -4a - a59?
-aa6
In base 16, what is 69 - -9fe?
a67
In base 11, what is -225 + 72?
-163
In base 9, what is -361 + -228?
-600
In base 8, what is 132666 - -20?
132706
In base 7, what is 2 - -3066312?
3066314
In base 10, what is 470966 - 4?
470962
In base 10, what is -35598 - 0?
-35598
In base 13, what is -19b - c7?
-295
In base 13, what is 31b3 + 9c?
3282
In base 2, what is -11110 - 1000001111000?
-1000010010110
In base 7, what is -5 - 122553?
-122561
In base 9, what is 5 - 2037733?
-2037727
In base 6, what is 2 + 4441510?
4441512
In base 15, what is -4 - -ad9d?
ad99
In base 16, what is -16b206 + -1?
-16b207
In base 13, what is -52720 - -2?
-5271b
In base 8, what is 137 - -130?
267
In base 3, what is 10100121002 - 1?
10100121001
In base 11, what is 30336 + 0?
30336
In base 7, what is 110 - 4616?
-4506
In base 16, what is 0 - -c3dfa?
c3dfa
In base 3, what is 1111000012010 - -2?
1111000012012
In base 10, what is 0 + 13827?
13827
In base 14, what is -46 + -485?
-4cb
In base 6, what is 32151 + 3?
32154
In base 12, what is -588b1 + -2?
-588b3
In base 9, what is -526527 + 3?
-526524
In base 14, what is 4 - 1a2d3b?
-1a2d37
In base 5, what is -13322 - -4321?
-4001
In base 7, what is -2254 + 5465?
3211
In base 3, what is -122111101 + -22?
-122111200
In base 12, what is -3 - -134585?
134582
In base 2, what is 11001100100011 - -110?
11001100101001
In base 2, what is -10001110010100011110 + -10?
-10001110010100100000
In base 9, what is -1001865 + -1?
-1001866
In base 5, what is -10 - -231443021?
231443011
In base 7, what is -24221 + 13?
-24205
In base 12, what is 2 + -5388?
-5386
In base 12, what is -20 + 1b18?
1ab8
In base 13, what is 6a31 - -273?
6ca4
In base 7, what is -22431303 + -1?
-22431304
In base 10, what is -74769 - -5?
-74764
In base 15, what is 16a0 - -a?
16aa
In base 4, what is 2132330132 - 1?
2132330131
In base 15, what is -5 - -c64?
c5e
In base 5, what is 41222 - 1040?
40132
In base 4, what is 3111 - 3113?
-2
In base 12, what is 252 + 1b?
271
In base 14, what is 4 - 689bb?
-689b7
In base 16, what is -2e9c3 + 12?
-2e9b1
In base 5, what is 103130